{"id":4887,"date":"2021-08-24T15:54:28","date_gmt":"2021-08-24T13:54:28","guid":{"rendered":"https:\/\/xarcuteriaparis.com\/es\/botiga-online\/Sense%20categoria\/fajita-jamon-de-york\/"},"modified":"2025-07-02T15:51:25","modified_gmt":"2025-07-02T13:51:25","slug":"wrap-jamon-de-york","status":"publish","type":"product","link":"https:\/\/xarcuteriaparis.com\/esp\/botiga-online\/elaborados-innovadores\/wrap-jamon-de-york\/","title":{"rendered":"Wrap Jam\u00f3n de York"},"content":{"rendered":"<p><strong>INGREDIENTES:<\/strong> Tortita, queso, tomate, jam\u00f3n york PAR\u00cdS y especies.<\/p>\n<p><strong>ALERGENOS:<\/strong> GLUTEN y L\u00c1CTEOS.<\/p>\n<p><strong>PREPARACI\u00d3N:<\/strong><\/p>\n<p>Precalentar el horno a 210\u00baC, arriba y abajo. Una vez caliente introducir el wrap durante unos 7-8 minutos. Tambi\u00e9n se puede cocinar en una paella o plancha.<\/p>\n","protected":false},"excerpt":{"rendered":"<p>Disfruta de nuestra receta del cl\u00e1sico wrap con jam\u00f3n york PAR\u00cdS con mezcla de quesos suaves y cremosos y tomate, envuelto por una tortita. Elaborado artesanalmente.<\/p>\n<p><strong>PRECIO:<\/strong><br \/>\n4,50\u20ac\/unidad<\/p>\n","protected":false},"featured_media":4863,"template":"","meta":{"inline_featured_image":false},"product_brand":[],"product_cat":[126],"product_tag":[],"class_list":{"0":"post-4887","1":"product","2":"type-product","3":"status-publish","4":"has-post-thumbnail","6":"product_cat-elaborados-innovadores","7":"sales-flash-overlay","8":"woocommerce-text-align-center","9":"woocommerce-image-align-center","10":"do-quantity-buttons","12":"first","13":"instock","14":"taxable","15":"shipping-taxable","16":"purchasable","17":"product-type-simple","18":"add-to-wishlist-after_add_to_cart"},"_links":{"self":[{"href":"https:\/\/xarcuteriaparis.com\/esp\/wp-json\/wp\/v2\/product\/4887","targetHints":{"allow":["GET"]}}],"collection":[{"href":"https:\/\/xarcuteriaparis.com\/esp\/wp-json\/wp\/v2\/product"}],"about":[{"href":"https:\/\/xarcuteriaparis.com\/esp\/wp-json\/wp\/v2\/types\/product"}],"wp:featuredmedia":[{"embeddable":true,"href":"https:\/\/xarcuteriaparis.com\/esp\/wp-json\/wp\/v2\/media\/4863"}],"wp:attachment":[{"href":"https:\/\/xarcuteriaparis.com\/esp\/wp-json\/wp\/v2\/media?parent=4887"}],"wp:term":[{"taxonomy":"product_brand","embeddable":true,"href":"https:\/\/xarcuteriaparis.com\/esp\/wp-json\/wp\/v2\/product_brand?post=4887"},{"taxonomy":"product_cat","embeddable":true,"href":"https:\/\/xarcuteriaparis.com\/esp\/wp-json\/wp\/v2\/product_cat?post=4887"},{"taxonomy":"product_tag","embeddable":true,"href":"https:\/\/xarcuteriaparis.com\/esp\/wp-json\/wp\/v2\/product_tag?post=4887"}],"curies":[{"name":"wp","href":"https:\/\/api.w.org\/{rel}","templated":true}]}}