{"id":4836,"date":"2021-08-17T16:24:21","date_gmt":"2021-08-17T14:24:21","guid":{"rendered":"https:\/\/xarcuteriaparis.com\/es\/botiga-online\/Sense%20categoria\/rinonada-cordero-rellenada\/"},"modified":"2026-02-25T19:05:24","modified_gmt":"2026-02-25T18:05:24","slug":"rinonada-cordero-rellenada","status":"publish","type":"product","link":"https:\/\/xarcuteriaparis.com\/esp\/botiga-online\/cordero\/rinonada-cordero-rellenada\/","title":{"rendered":"Ri\u00f1onada Cordero Rellenada"},"content":{"rendered":"<p><strong>INGREDIENTES:<\/strong> Ri\u00f1onada cordero, puerro, orejones, pistachos, almendras, trompetas de la muerte, picada cerdo y especies.<\/p>\n<p><strong>ALERGENOS:<\/strong> FRUTOS SECOS.<\/p>\n<p><strong>PREPARACI\u00d3N:<\/strong><\/p>\n<p>Precalentar el horno a 195\u00baC arriba i abajo, una vez caliente introducir el relleno con una cucharada de aceite de oliva durante 30 minutos aproximadamente. Girarlo y dejarlo 30 minutos m\u00e1s. Pasado este tiempo volver a girar y esperar unos 30 minutos m\u00e1s. El tiempo total de cocci\u00f3n es de una hora y media aproximadamente.<\/p>\n","protected":false},"excerpt":{"rendered":"<p><strong>38,02\u20ac\/ unidad de un peso de<\/strong> 940-960gr\/ aproximadamente<\/p>\n<p>Ri\u00f1onada de cordero rellena con puerro, orejones, frutos secos, trompetas de la muerte y picada de cerdo, un elaborado ideal para d\u00edas festivos y especiales. Cordero relleno. Elaborado artesanalmente. Cordero de proximidad de ganaderos de la comarca de la Noguera.<\/p>\n<p><strong>PRECIO:<\/strong><br \/>\n39,60\u20ac\/kg<br \/>\n38,02\u20ac\/unidad<\/p>\n","protected":false},"featured_media":4808,"template":"","meta":{"inline_featured_image":false},"product_brand":[],"product_cat":[104],"product_tag":[],"class_list":{"0":"post-4836","1":"product","2":"type-product","3":"status-publish","4":"has-post-thumbnail","6":"product_cat-cordero","7":"sales-flash-overlay","8":"woocommerce-text-align-center","9":"woocommerce-image-align-center","10":"do-quantity-buttons","12":"first","13":"outofstock","14":"taxable","15":"shipping-taxable","16":"purchasable","17":"product-type-simple","18":"add-to-wishlist-after_add_to_cart"},"_links":{"self":[{"href":"https:\/\/xarcuteriaparis.com\/esp\/wp-json\/wp\/v2\/product\/4836","targetHints":{"allow":["GET"]}}],"collection":[{"href":"https:\/\/xarcuteriaparis.com\/esp\/wp-json\/wp\/v2\/product"}],"about":[{"href":"https:\/\/xarcuteriaparis.com\/esp\/wp-json\/wp\/v2\/types\/product"}],"wp:featuredmedia":[{"embeddable":true,"href":"https:\/\/xarcuteriaparis.com\/esp\/wp-json\/wp\/v2\/media\/4808"}],"wp:attachment":[{"href":"https:\/\/xarcuteriaparis.com\/esp\/wp-json\/wp\/v2\/media?parent=4836"}],"wp:term":[{"taxonomy":"product_brand","embeddable":true,"href":"https:\/\/xarcuteriaparis.com\/esp\/wp-json\/wp\/v2\/product_brand?post=4836"},{"taxonomy":"product_cat","embeddable":true,"href":"https:\/\/xarcuteriaparis.com\/esp\/wp-json\/wp\/v2\/product_cat?post=4836"},{"taxonomy":"product_tag","embeddable":true,"href":"https:\/\/xarcuteriaparis.com\/esp\/wp-json\/wp\/v2\/product_tag?post=4836"}],"curies":[{"name":"wp","href":"https:\/\/api.w.org\/{rel}","templated":true}]}}