{"id":1544,"date":"2020-10-12T00:00:00","date_gmt":"2020-10-11T22:00:00","guid":{"rendered":"https:\/\/xarcuteriaparis.com\/producto\/cadi-coop\/"},"modified":"2026-03-30T15:28:30","modified_gmt":"2026-03-30T13:28:30","slug":"cadi-coop","status":"publish","type":"product","link":"https:\/\/xarcuteriaparis.com\/esp\/botiga-online\/quesos\/cadi-coop\/","title":{"rendered":"Cad\u00ed Coop"},"content":{"rendered":"<p><strong>INGREDIENTES:<\/strong> Leche de vaca pasteurizada, fermentos l\u00e1cticos, cuajo, sal, conservadores en corteza.<\/p>\n<p><strong>ALERGENOS:<\/strong> L\u00c1CTICOS<\/p>\n","protected":false},"excerpt":{"rendered":"<p><strong>8,43\u20ac\/unidad, de un peso de<\/strong> 490-500gr\/ aproximadamente<\/p>\n<p>Queso de pasta prensada, muy bajo en calor\u00edas y sal. Fabricado a partir de leche de vaca pasteurizada, con un extracto seco m\u00ednimo de un 45% y una materia grasa de un 25%. Gusto y olor muy suaves. Conservar en el frigor\u00edfico. \u00a0Venta en formato lonchas.<\/p>\n<p><strong>PRECIO:<\/strong><\/p>\n<p>16,85\u20ac\/Kg<\/p>\n<p>8,43\u20ac\/unitat<\/p>\n","protected":false},"featured_media":4658,"template":"","meta":{"inline_featured_image":false},"product_brand":[],"product_cat":[127],"product_tag":[],"class_list":{"0":"post-1544","1":"product","2":"type-product","3":"status-publish","4":"has-post-thumbnail","6":"product_cat-quesos","7":"sales-flash-overlay","8":"woocommerce-text-align-center","9":"woocommerce-image-align-center","10":"do-quantity-buttons","12":"first","13":"instock","14":"taxable","15":"shipping-taxable","16":"purchasable","17":"product-type-simple","18":"add-to-wishlist-after_add_to_cart"},"_links":{"self":[{"href":"https:\/\/xarcuteriaparis.com\/esp\/wp-json\/wp\/v2\/product\/1544","targetHints":{"allow":["GET"]}}],"collection":[{"href":"https:\/\/xarcuteriaparis.com\/esp\/wp-json\/wp\/v2\/product"}],"about":[{"href":"https:\/\/xarcuteriaparis.com\/esp\/wp-json\/wp\/v2\/types\/product"}],"wp:featuredmedia":[{"embeddable":true,"href":"https:\/\/xarcuteriaparis.com\/esp\/wp-json\/wp\/v2\/media\/4658"}],"wp:attachment":[{"href":"https:\/\/xarcuteriaparis.com\/esp\/wp-json\/wp\/v2\/media?parent=1544"}],"wp:term":[{"taxonomy":"product_brand","embeddable":true,"href":"https:\/\/xarcuteriaparis.com\/esp\/wp-json\/wp\/v2\/product_brand?post=1544"},{"taxonomy":"product_cat","embeddable":true,"href":"https:\/\/xarcuteriaparis.com\/esp\/wp-json\/wp\/v2\/product_cat?post=1544"},{"taxonomy":"product_tag","embeddable":true,"href":"https:\/\/xarcuteriaparis.com\/esp\/wp-json\/wp\/v2\/product_tag?post=1544"}],"curies":[{"name":"wp","href":"https:\/\/api.w.org\/{rel}","templated":true}]}}