{"id":1528,"date":"2020-10-12T00:00:00","date_gmt":"2020-10-11T22:00:00","guid":{"rendered":"https:\/\/xarcuteriaparis.com\/producto\/pollastre-farcit-al-forn\/"},"modified":"2025-11-30T11:34:22","modified_gmt":"2025-11-30T10:34:22","slug":"pollo-relleno-al-horno","status":"publish","type":"product","link":"https:\/\/xarcuteriaparis.com\/esp\/botiga-online\/cocina\/pollo-relleno-al-horno\/","title":{"rendered":"Pollo Relleno al Horno"},"content":{"rendered":"<p><strong>INGREDIENTES:<\/strong> Pollo, huevo, picada de cerdo, pimiento rojo, champi\u00f1ones, panceta curada PAR\u00cdS y especies.<\/p>\n<p><strong>ALERGENOS:<\/strong> HUEVO<\/p>\n<p><strong>PREPARACI\u00d3N:<\/strong><\/p>\n<p>Calentar al horno con la misma bandeja, sin la tapa y cubrirlo con papel de aluminio para que no se seque.<\/p>\n","protected":false},"excerpt":{"rendered":"<p>33,15\u20ac\/4 raciones aproximadamente<\/p>\n<p>Pollo relleno con huevo duro, picada de cerdo, pimiento rojo escalivado, champi\u00f1ones y panceta curada PAR\u00cdS, cocinado en el horno y acompa\u00f1ado de una salsa de manzana y puerro con guarnici\u00f3n de ciruelas y mezcla de setas. Ideal para d\u00edas festivos y de celebraci\u00f3n. Elaborado artesanalmente.<\/p>\n<p><strong>PRECIO<\/strong>:<br \/>\n33,15\u20ac\/unidad<\/p>\n","protected":false},"featured_media":4925,"template":"","meta":{"inline_featured_image":false},"product_brand":[],"product_cat":[124],"product_tag":[],"class_list":{"0":"post-1528","1":"product","2":"type-product","3":"status-publish","4":"has-post-thumbnail","6":"product_cat-cocina","7":"sales-flash-overlay","8":"woocommerce-text-align-center","9":"woocommerce-image-align-center","10":"do-quantity-buttons","12":"first","13":"instock","14":"taxable","15":"shipping-taxable","16":"purchasable","17":"product-type-simple","18":"add-to-wishlist-after_add_to_cart"},"_links":{"self":[{"href":"https:\/\/xarcuteriaparis.com\/esp\/wp-json\/wp\/v2\/product\/1528","targetHints":{"allow":["GET"]}}],"collection":[{"href":"https:\/\/xarcuteriaparis.com\/esp\/wp-json\/wp\/v2\/product"}],"about":[{"href":"https:\/\/xarcuteriaparis.com\/esp\/wp-json\/wp\/v2\/types\/product"}],"wp:featuredmedia":[{"embeddable":true,"href":"https:\/\/xarcuteriaparis.com\/esp\/wp-json\/wp\/v2\/media\/4925"}],"wp:attachment":[{"href":"https:\/\/xarcuteriaparis.com\/esp\/wp-json\/wp\/v2\/media?parent=1528"}],"wp:term":[{"taxonomy":"product_brand","embeddable":true,"href":"https:\/\/xarcuteriaparis.com\/esp\/wp-json\/wp\/v2\/product_brand?post=1528"},{"taxonomy":"product_cat","embeddable":true,"href":"https:\/\/xarcuteriaparis.com\/esp\/wp-json\/wp\/v2\/product_cat?post=1528"},{"taxonomy":"product_tag","embeddable":true,"href":"https:\/\/xarcuteriaparis.com\/esp\/wp-json\/wp\/v2\/product_tag?post=1528"}],"curies":[{"name":"wp","href":"https:\/\/api.w.org\/{rel}","templated":true}]}}