{"id":1516,"date":"2020-10-12T00:00:00","date_gmt":"2020-10-11T22:00:00","guid":{"rendered":"https:\/\/xarcuteriaparis.com\/producto\/lasanya-mixta\/"},"modified":"2025-11-16T16:30:42","modified_gmt":"2025-11-16T15:30:42","slug":"lasana-mixta","status":"publish","type":"product","link":"https:\/\/xarcuteriaparis.com\/esp\/botiga-online\/cocina\/lasana-mixta\/","title":{"rendered":"Lasa\u00f1a Mixta"},"content":{"rendered":"<p><strong>INGREDIENTES:<\/strong> Pollo, cerdo, espinacas, champi\u00f1ones, pasta, leche, harina, verduras, pi\u00f1ones y sal.<\/p>\n<p><strong>ALERGENOS:<\/strong> GLUTEN, FRUTOS SECOS y L\u00c1CTEOS.<\/p>\n<p><strong>PREPARACI\u00d3N:<\/strong><\/p>\n<p>Calentar y comer.<\/p>\n","protected":false},"excerpt":{"rendered":"<p>Deliciosa lasa\u00f1a rellena con dos capas de carne de pollo y cerdo y una capa de espinacas con champi\u00f1ones y pi\u00f1ones. Cubierto con bechamel casera y queso gratinado. Elaborado artesanalmente.<\/p>\n<p><strong>PRECIO:<\/strong><br \/>\n9.50\u20ac\/unidad<\/p>\n<p>&nbsp;<\/p>\n","protected":false},"featured_media":4920,"template":"","meta":{"inline_featured_image":false},"product_brand":[],"product_cat":[124],"product_tag":[],"class_list":{"0":"post-1516","1":"product","2":"type-product","3":"status-publish","4":"has-post-thumbnail","6":"product_cat-cocina","7":"sales-flash-overlay","8":"woocommerce-text-align-center","9":"woocommerce-image-align-center","10":"do-quantity-buttons","12":"first","13":"instock","14":"taxable","15":"shipping-taxable","16":"purchasable","17":"product-type-simple","18":"add-to-wishlist-after_add_to_cart"},"_links":{"self":[{"href":"https:\/\/xarcuteriaparis.com\/esp\/wp-json\/wp\/v2\/product\/1516","targetHints":{"allow":["GET"]}}],"collection":[{"href":"https:\/\/xarcuteriaparis.com\/esp\/wp-json\/wp\/v2\/product"}],"about":[{"href":"https:\/\/xarcuteriaparis.com\/esp\/wp-json\/wp\/v2\/types\/product"}],"wp:featuredmedia":[{"embeddable":true,"href":"https:\/\/xarcuteriaparis.com\/esp\/wp-json\/wp\/v2\/media\/4920"}],"wp:attachment":[{"href":"https:\/\/xarcuteriaparis.com\/esp\/wp-json\/wp\/v2\/media?parent=1516"}],"wp:term":[{"taxonomy":"product_brand","embeddable":true,"href":"https:\/\/xarcuteriaparis.com\/esp\/wp-json\/wp\/v2\/product_brand?post=1516"},{"taxonomy":"product_cat","embeddable":true,"href":"https:\/\/xarcuteriaparis.com\/esp\/wp-json\/wp\/v2\/product_cat?post=1516"},{"taxonomy":"product_tag","embeddable":true,"href":"https:\/\/xarcuteriaparis.com\/esp\/wp-json\/wp\/v2\/product_tag?post=1516"}],"curies":[{"name":"wp","href":"https:\/\/api.w.org\/{rel}","templated":true}]}}