{"id":1486,"date":"2020-10-12T00:00:00","date_gmt":"2020-10-11T22:00:00","guid":{"rendered":"https:\/\/xarcuteriaparis.com\/producto\/xoric-vermell\/"},"modified":"2024-11-27T14:47:19","modified_gmt":"2024-11-27T13:47:19","slug":"chorizo-rojo","status":"publish","type":"product","link":"https:\/\/xarcuteriaparis.com\/esp\/botiga-online\/embutidos-de-otros-fabricantes\/chorizo-rojo\/","title":{"rendered":"Chorizo Rojo"},"content":{"rendered":"<p><strong>INGREDIENTES:<\/strong> Magra cerdo, lactosa, sal, prote\u00edna soja dextrosa, prote\u00edna leche, estabilizante, antioxidante, colorante, pimiento, ajo, conservando.<\/p>\n<p><strong>ALERGENOS:<\/strong>\u00a0 L\u00c1CTEOS Y SOJA<\/p>\n","protected":false},"excerpt":{"rendered":"<p><strong>4,77\u20ac\/ unidad de un peso de<\/strong> 290-300gr\/ aproximadamente<\/p>\n<p>La perfecta combinaci\u00f3n del magro de cerdo con la proporci\u00f3n adecuada de tocino, piment\u00f3n, ajo y una curaci\u00f3n tradicional. As\u00ed se obtiene un producto natural y de calidad, con elevado valor cal\u00f3rico y prote\u00edna de alto valor biol\u00f3gico, de aroma, color y sabor caracter\u00edsticos y arraigados en nuestra tierra.<\/p>\n<p><strong>PRECIO:<\/strong><\/p>\n<p>15,90\u20ac\/Kg<\/p>\n<p>4,77\u20ac\/unidad<\/p>\n","protected":false},"featured_media":4743,"template":"","meta":{"inline_featured_image":false},"product_brand":[],"product_cat":[118],"product_tag":[],"class_list":{"0":"post-1486","1":"product","2":"type-product","3":"status-publish","4":"has-post-thumbnail","6":"product_cat-embutidos-de-otros-fabricantes","7":"sales-flash-overlay","8":"woocommerce-text-align-center","9":"woocommerce-image-align-center","10":"do-quantity-buttons","12":"first","13":"instock","14":"taxable","15":"shipping-taxable","16":"purchasable","17":"product-type-simple","18":"add-to-wishlist-after_add_to_cart"},"_links":{"self":[{"href":"https:\/\/xarcuteriaparis.com\/esp\/wp-json\/wp\/v2\/product\/1486","targetHints":{"allow":["GET"]}}],"collection":[{"href":"https:\/\/xarcuteriaparis.com\/esp\/wp-json\/wp\/v2\/product"}],"about":[{"href":"https:\/\/xarcuteriaparis.com\/esp\/wp-json\/wp\/v2\/types\/product"}],"wp:featuredmedia":[{"embeddable":true,"href":"https:\/\/xarcuteriaparis.com\/esp\/wp-json\/wp\/v2\/media\/4743"}],"wp:attachment":[{"href":"https:\/\/xarcuteriaparis.com\/esp\/wp-json\/wp\/v2\/media?parent=1486"}],"wp:term":[{"taxonomy":"product_brand","embeddable":true,"href":"https:\/\/xarcuteriaparis.com\/esp\/wp-json\/wp\/v2\/product_brand?post=1486"},{"taxonomy":"product_cat","embeddable":true,"href":"https:\/\/xarcuteriaparis.com\/esp\/wp-json\/wp\/v2\/product_cat?post=1486"},{"taxonomy":"product_tag","embeddable":true,"href":"https:\/\/xarcuteriaparis.com\/esp\/wp-json\/wp\/v2\/product_tag?post=1486"}],"curies":[{"name":"wp","href":"https:\/\/api.w.org\/{rel}","templated":true}]}}