{"id":1483,"date":"2020-10-12T00:00:00","date_gmt":"2020-10-11T22:00:00","guid":{"rendered":"https:\/\/xarcuteriaparis.com\/producto\/salsitxo-iberic\/"},"modified":"2025-07-22T10:24:08","modified_gmt":"2025-07-22T08:24:08","slug":"salchichon-iberico","status":"publish","type":"product","link":"https:\/\/xarcuteriaparis.com\/esp\/botiga-online\/embutidos-de-otros-fabricantes\/salchichon-iberico\/","title":{"rendered":"Salchich\u00f3n ib\u00e9rico"},"content":{"rendered":"<p><strong>INGREDIENTES:<\/strong> Cerdo ib\u00e9rico, sal, leche polvo, az\u00facar, especias, regulador PH, prote\u00edna leche, prote\u00edna soja, emulgentes, antioxidante, conservador, colorante.<\/p>\n<p><strong>ALERGENOS:\u00a0<\/strong> L\u00c1CTEOS Y SOJA<\/p>\n","protected":false},"excerpt":{"rendered":"<p><strong>8,55\u20ac\/ unidad de un peso de<\/strong> 290-300gr\/ aproximadamente<\/p>\n<p>El salchich\u00f3n ib\u00e9rico es un embutido curado que posee un fuerte car\u00e1cter tradicional. Para elaborarlo se utiliza carne ib\u00e9rica de gran calidad y una mezcla de especias que le aportan ese aroma tan intenso y sabor tan caracter\u00edstico.<\/p>\n<p><strong>PRECIO:<\/strong><\/p>\n<p>28,50\u20ac\/Kg<\/p>\n<p>8,55\u20ac\/unidad<\/p>\n","protected":false},"featured_media":4741,"template":"","meta":{"inline_featured_image":false},"product_brand":[],"product_cat":[118],"product_tag":[],"class_list":{"0":"post-1483","1":"product","2":"type-product","3":"status-publish","4":"has-post-thumbnail","6":"product_cat-embutidos-de-otros-fabricantes","7":"sales-flash-overlay","8":"woocommerce-text-align-center","9":"woocommerce-image-align-center","10":"do-quantity-buttons","12":"first","13":"instock","14":"taxable","15":"shipping-taxable","16":"purchasable","17":"product-type-simple","18":"add-to-wishlist-after_add_to_cart"},"_links":{"self":[{"href":"https:\/\/xarcuteriaparis.com\/esp\/wp-json\/wp\/v2\/product\/1483","targetHints":{"allow":["GET"]}}],"collection":[{"href":"https:\/\/xarcuteriaparis.com\/esp\/wp-json\/wp\/v2\/product"}],"about":[{"href":"https:\/\/xarcuteriaparis.com\/esp\/wp-json\/wp\/v2\/types\/product"}],"wp:featuredmedia":[{"embeddable":true,"href":"https:\/\/xarcuteriaparis.com\/esp\/wp-json\/wp\/v2\/media\/4741"}],"wp:attachment":[{"href":"https:\/\/xarcuteriaparis.com\/esp\/wp-json\/wp\/v2\/media?parent=1483"}],"wp:term":[{"taxonomy":"product_brand","embeddable":true,"href":"https:\/\/xarcuteriaparis.com\/esp\/wp-json\/wp\/v2\/product_brand?post=1483"},{"taxonomy":"product_cat","embeddable":true,"href":"https:\/\/xarcuteriaparis.com\/esp\/wp-json\/wp\/v2\/product_cat?post=1483"},{"taxonomy":"product_tag","embeddable":true,"href":"https:\/\/xarcuteriaparis.com\/esp\/wp-json\/wp\/v2\/product_tag?post=1483"}],"curies":[{"name":"wp","href":"https:\/\/api.w.org\/{rel}","templated":true}]}}