{"id":1427,"date":"2020-10-12T00:00:00","date_gmt":"2020-10-11T22:00:00","guid":{"rendered":"https:\/\/xarcuteriaparis.com\/producto\/cap-de-jabali-amb-fastucs-paris\/"},"modified":"2026-04-13T14:27:08","modified_gmt":"2026-04-13T12:27:08","slug":"cabeza-de-jabali-con-pistachos-paris","status":"publish","type":"product","link":"https:\/\/xarcuteriaparis.com\/esp\/botiga-online\/embutidos-paris\/cabeza-de-jabali-con-pistachos-paris\/","title":{"rendered":"Cabeza de Jabal\u00ed con Pistachos Par\u00eds"},"content":{"rendered":"<p><strong>INGREDIENTES:<\/strong> Carne de cerdo, pistachos y especies.<\/p>\n<p><strong>ALERGENOS:<\/strong> FRUTOS SECOS y L\u00c1CTEOS.<\/p>\n","protected":false},"excerpt":{"rendered":"<p><strong>8,22\u20ac\/ unidad de un peso de<\/strong> 290-300gr\/ aproximadamente<\/p>\n<p>Cabeza de Jabal\u00ed con pistachos Par\u00eds, fiambre elaborado con la carne m\u00e1s melosa del cerdo, cortada a cuchillo y puesta en salmuera. Con un gusto \u00fanico que le aportan los pistachos. Elaborado artesanalmente.<\/p>\n<p><strong>PRECIO:<\/strong><br \/>\n27,40\u20ac\/Kg<br \/>\n8,22\u20ac\/unidad<\/p>\n","protected":false},"featured_media":4999,"template":"","meta":{"inline_featured_image":false},"product_brand":[],"product_cat":[111],"product_tag":[],"class_list":{"0":"post-1427","1":"product","2":"type-product","3":"status-publish","4":"has-post-thumbnail","6":"product_cat-embutidos-paris","7":"sales-flash-overlay","8":"woocommerce-text-align-center","9":"woocommerce-image-align-center","10":"do-quantity-buttons","12":"first","13":"instock","14":"taxable","15":"shipping-taxable","16":"purchasable","17":"product-type-variable","18":"add-to-wishlist-after_add_to_cart"},"_links":{"self":[{"href":"https:\/\/xarcuteriaparis.com\/esp\/wp-json\/wp\/v2\/product\/1427","targetHints":{"allow":["GET"]}}],"collection":[{"href":"https:\/\/xarcuteriaparis.com\/esp\/wp-json\/wp\/v2\/product"}],"about":[{"href":"https:\/\/xarcuteriaparis.com\/esp\/wp-json\/wp\/v2\/types\/product"}],"wp:featuredmedia":[{"embeddable":true,"href":"https:\/\/xarcuteriaparis.com\/esp\/wp-json\/wp\/v2\/media\/4999"}],"wp:attachment":[{"href":"https:\/\/xarcuteriaparis.com\/esp\/wp-json\/wp\/v2\/media?parent=1427"}],"wp:term":[{"taxonomy":"product_brand","embeddable":true,"href":"https:\/\/xarcuteriaparis.com\/esp\/wp-json\/wp\/v2\/product_brand?post=1427"},{"taxonomy":"product_cat","embeddable":true,"href":"https:\/\/xarcuteriaparis.com\/esp\/wp-json\/wp\/v2\/product_cat?post=1427"},{"taxonomy":"product_tag","embeddable":true,"href":"https:\/\/xarcuteriaparis.com\/esp\/wp-json\/wp\/v2\/product_tag?post=1427"}],"curies":[{"name":"wp","href":"https:\/\/api.w.org\/{rel}","templated":true}]}}