{"id":4583,"date":"2021-07-10T15:31:15","date_gmt":"2021-07-10T13:31:15","guid":{"rendered":"https:\/\/xarcuteriaparis.com\/?page_id=4583"},"modified":"2021-07-20T13:23:09","modified_gmt":"2021-07-20T11:23:09","slug":"condiciones-de-uso-i-derecho-de-desistimiento","status":"publish","type":"page","link":"https:\/\/xarcuteriaparis.com\/esp\/condiciones-de-uso-i-derecho-de-desistimiento\/","title":{"rendered":"Condiciones de uso i derecho de desistimiento"},"content":{"rendered":"\n<h4 class=\"wp-block-heading\">1.- OBJETO<\/h4>\n\n\n\n<p>El objeto de este informe es proporcionar la informaci\u00f3n alimentaria obligatoria y las condiciones generales que son aplicables al web de venta de alimentos ANNA PAR\u00cdS.<\/p>\n\n\n\n<h4 class=\"wp-block-heading\">2.- NORMATIVA<\/h4>\n\n\n\n<p>Reglamento UE 1169\/2011 del Parlamento Europeo Y de Consejo, de 25 de octubre de 2011, sobre la informaci\u00f3n alimentaria facilitada al consumidor.<\/p>\n\n\n\n<p>Real <em>Decret 126\/2015, de 27 de febrero, por el que se aprueba la norma general relativa a la informaci\u00f3n alimentaria de los alimentos que se presentan sin envasar para la venta al consumidor final y a las colectividades, de los envasados en los lugares de venta a petici\u00f3n del comprador, y de los envasados por los titulares del comercio al miedo menor.<\/em><\/p>\n\n\n\n<p>Ley 7\/1998, de 13 de abril, sobre condiciones generales de la contrataci\u00f3n.<\/p>\n\n\n\n<p>Real decreto legislativo 1\/2007, de 16 de noviembre, por el que se aprueba el texto refundido de la<\/p>\n\n\n\n<p>Ley General para la Defensa de los Consumidores y Usuarios y otras leyes complementarias.<\/p>\n\n\n\n<p>Ley 34\/2002, de 11 de julio, de servicios de la sociedad de la informaci\u00f3n y de comercio electr\u00f3nico.<\/p>\n\n\n\n<h4 class=\"wp-block-heading\">3.- INFORMACI\u00d3N OBLIGATORIA<\/h4>\n\n\n\n<p><strong>3.1.- Informaci\u00f3n alimentaria<\/strong><\/p>\n\n\n\n<p>Toda la informaci\u00f3n alimentaria obligatoria que tiene que constar en la p\u00e1gina web y que se menciona debajo tiene que estar disponible antes de que se realice la compra y figurar en el apoyo de la venta a distancia cerca del producto.<\/p>\n\n\n\n<p>Tambi\u00e9n tendr\u00e1 que estar disponible en el momento de la entrega.<\/p>\n\n\n\n<p>La informaci\u00f3n obligatoria que tiene que constar en la p\u00e1gina web y en el momento de la entrega es la que consta en el art\u00edculo 9 del Reglamento UE 1169\/2011 y es:<\/p>\n\n\n\n<p>Requisitos generales<\/p>\n\n\n\n<ol class=\"wp-block-list\"><li>Denominaci\u00f3n del alimento.<\/li><li>Lista de ingredientes.<\/li><li>Ingredientes o coadyuvantes tecnol\u00f3gicos que causen alergias o intolerancias alimentarias.<\/li><li>Cantidad de determinados ingredientes o categor\u00eda de ingredientes. Cuando conste alg\u00fan ingrediente en la denominaci\u00f3n del producto se tiene que indicar el% de este ingrediente en la lista de ingredientes.<\/li><li>Cantidad limpia del alimento.<\/li><li>Condiciones especiales de conservaci\u00f3n y\/o utilizaci\u00f3n, si procede.<\/li><li>Nombre o raz\u00f3n social y direcci\u00f3n del operador responsable de su comercializaci\u00f3n.<\/li><li>Pa\u00eds de origen o lugar de procedencia, si procede.<\/li><li>Forma de uso, si procede.<\/li><li>Grado alcoh\u00f3lico, en bebidas + 1,2% en volumen de alcohol.<\/li><li>Fecha de caducidad o de duraci\u00f3n m\u00ednima (no en la p\u00e1gina web, sino en el momento de la entrega)<\/li><\/ol>\n\n\n\n<p><strong>3.2.- Cl\u00e1usulas y textos legales<\/strong><\/p>\n\n\n\n<h4 class=\"wp-block-heading\">CONDICIONES GENERALES<\/h4>\n\n\n\n<p>Las presentes Condiciones Generales de Contrataci\u00f3n (#en lo sucesivo referidas indistintamente como \u00abCondiciones Generales\u00bb o \u00abCondiciones\u00bb), regulan los derechos y obligaciones derivados de las transacciones comerciales realizadas a trav\u00e9s del portal www.xarcuteriaparis.com (#en lo sucesivo el \u00abSitio web\u00bb) del cual es titular <strong>ANNA PAR\u00cdS <\/strong>(desde ahora referida indistintamente como \u00abAnna Par\u00eds\u00bb o, \u00abnosotros\u00bb o la \u00abempresa\u00bb), y conjuntamente con las condiciones del Aviso Legal y las pol\u00edticas de privacidad, configuran el contrato marco que todos los usuarios que accedan al Sitio web tienen que conocer, entender y aceptar.<\/p>\n\n\n\n<p>Al efecto \u00fanicamente de las presentes Condiciones Generales, los t\u00e9rminos utilizados en plural o singular de \u00abUsted\u00bb, \u00abUsuario\u00bb o \u00abCliente\u00bb, comprende cualquier persona que acceda en la Web y que haga uso, navegue y \/ o contrate cualquier de los productos y servicios ofrecidos.<\/p>\n\n\n\n<p><strong>ANNA PAR\u00cdS<\/strong> se reserva el derecho a modificar, total o parcialmente, estas condiciones generales, siente de aplicaci\u00f3n las nuevas que acuerde desde el momento de su publicaci\u00f3n en el Sitio web. Por eso, es conveniente que lea atentamente las Condiciones Generales antes de proceder a realizar una solicitud de pedido. En cualquier caso, las mencionadas modificaciones no tendr\u00e1n efectos retroactivos sobre los productos y servicios previamente contratados.<\/p>\n\n\n\n<p><strong><em>1. Identificaci\u00f3n<\/em><\/strong><\/p>\n\n\n\n<p>El sitio web es titularidad de la empresa ANNA PAR\u00cdS, prove\u00edda de NIF 43703289-T, domiciliada a C \/ Cardenal <em>Benlloch, 26 25.600 Balaguer. Cualquier comunicaci\u00f3n se podr\u00e1 dirigir al domicilio social indicado, al tel\u00e9fono (+34) 973.44.81.05 o a la direcci\u00f3n de correo electr\u00f3nico xarcuteriaparis@gmail.com.<\/em><\/p>\n\n\n\n<p>1.1. Registro sanitario de empresas alimentarias<\/p>\n\n\n\n<p>El Registro General Sanitario de Empresas Alimentarias y Alimentos (<em>RGSEAA) es una base de datos de car\u00e1cter informativo, gestionada por la Agencia Espa\u00f1ola de Seguridad Alimentaria y Nutrici\u00f3n (<\/em>AESAN), la finalidad del cual es la protecci\u00f3n de la salud p\u00fablica y de los intereses de los consumidores.<\/p>\n\n\n\n<p><em><strong>2. Actividad<\/strong><\/em><\/p>\n\n\n\n<p><strong>ANNA PAR\u00cdS<\/strong> realiza la actividad en l\u00ednea a trav\u00e9s del Sitio web, ofreciendo productos <em>c\u00e0rnics <\/em>fescos y elaborados de calidad.<\/p>\n\n\n\n<p><em>3. Contenidos e informaci\u00f3n suministrada en el Sitio web<\/em><\/p>\n\n\n\n<p>3.1. <strong>ANNA PAR\u00cdS<\/strong> se reserva el derecho a modificar la oferta comercial presentada en el Sitio web (modificaciones sobre productos, precios, promociones y otras condiciones comerciales y de servicio) en cualquier momento. Estas modificaciones no afectar\u00e1n los pedidos que se realicen con anterioridad. <strong>ANNA PAR\u00cdS<\/strong> hace todos los esfuerzos a su alcance para ofrecer la informaci\u00f3n contenida en el Sitio web de forma veraz y sin errores tipogr\u00e1ficos. En el supuesto de que en alg\u00fan momento se produjera alg\u00fan error de este tipo, ajeno en todo momento a la voluntad de <strong>ANNA PAR\u00cdS<\/strong>, se proceder\u00eda inmediatamente a su correcci\u00f3n. De existir un error tipogr\u00e1fico en alguno de los precios mostrados y alg\u00fan cliente hubiera tomado una decisi\u00f3n de compra basada en este error, ANNA PAR\u00cdS le comunicar\u00e1 el Cliente este error y el Cliente tendr\u00e1 derecho a rescindir su compra sin ning\u00fan coste por su parte, sin que por eso puedan derivar responsabilidades ni indemnizaciones de cualquier tipo por ANNA PAR\u00cdS.<\/p>\n\n\n\n<p>3.2. <strong>ANNA PAR\u00cdS<\/strong> se esfuerza en todo momento para prestar una informaci\u00f3n completa, veraz y l\u00edcita, y que los contenidos del Sitio web sirvan porque el usuario tome decisiones de compra plenamente conscientes e informadas.<\/p>\n\n\n\n<p><em><strong>4. Sistema de contrataci\u00f3n y modalidades de pedidos<\/strong><\/em><\/p>\n\n\n\n<p>Los usuarios tienen la posibilidad de realizar todos sus pedidos mediante contrataci\u00f3n electr\u00f3nica desde el Sitio web y alternativamente por tel\u00e9fono.<\/p>\n\n\n\n<p>La contrataci\u00f3n de nuestros productos a trav\u00e9s de nuestro sitio web es f\u00e1cil e intuitiva, e indicamos en todo momento los pasos que se tienen que seguir, <strong>mediante un men\u00fa que se muestra a la parte superior de la p\u00e1gina en la cual est\u00e9 navegando.<\/strong><\/p>\n\n\n\n<p>Primero se tienen que elegir los productos dentro de la amplia variedad.<\/p>\n\n\n\n<p><strong>Elige la frecuencia de env\u00edo (d\u00eda \/ hora)<\/strong><\/p>\n\n\n\n<p>Finalmente, confirma tu pedido, una vez a\u00f1adida a la cesta de compra, podr\u00e1s finalizarla introduciendo los datos requeridos por facturaci\u00f3n y entrega, <strong>e incluso crear una cuenta para sucesivos pedidos<\/strong>. Cuando acabe, facilitaremos un resumen de los productos escogidos, su precio unitario, gastos de env\u00edo y el total a pagar. Antes de realizar el pedido se tendr\u00e1 que elegir la forma de pago, introducir cualquier c\u00f3digo descuente en caso de aplicar y aceptar las Condiciones Generales y pol\u00edticas de privacidad, siempre antes de realizar el pago.<\/p>\n\n\n\n<p>El importe total se facilita desglosado. En los precios de nuestros productos est\u00e1n incluidos todos los impuestos. Los gastos de env\u00edo se calcular\u00e1n en funci\u00f3n de las caracter\u00edsticas de los productos de cada pedido y del c\u00f3digo postal de entrega. <strong>Si se quiere ver o imprimir la factura del pedido, esta factura estar\u00e1 disponible al \u00e1rea cliente del consumidor<\/strong> o tambi\u00e9n puedes solicitarla por correo electr\u00f3nico enviando un mensaje a xarcuteriaparis@gmail.com<\/p>\n\n\n\n<p>Durando todo el proceso de contrataci\u00f3n, se facilitan los pasos necesarios que tendr\u00e1 que realizar para la contrataci\u00f3n definitiva, pudiendo en cualquier momento volver a la pantalla anterior si quer\u00e9is corregir la informaci\u00f3n o realizar un cambio en las opciones elegidas.<\/p>\n\n\n\n<p>La solicitud de pedido se entender\u00e1 formalizada desde el momento en qu\u00e9 usted marca la opci\u00f3n de \u00abHe le\u00eddo y acepto las condiciones generales y pol\u00edticas de privacidad\u00bb o menci\u00f3n similar, y env\u00eda su solicitud a trav\u00e9s del bot\u00f3n dispuesto para lo cual, y se considera que entiende y acepta plenamente y sin reservas las presentes Condiciones Generales, existiendo desde este momento un contrato v\u00e1lido y eficaz que vincula las partes.<\/p>\n\n\n\n<p><strong>Una vez efectuada la solicitud de pedido y en el plazo m\u00e1s breve posible, siempre antes de que transcurran 24 horas desde la formalizaci\u00f3n de la compra, ANNA PAR\u00cdS le confirmar\u00e1 mediante un correo electr\u00f3nico la recepci\u00f3n y registro de su pedido.<\/strong> Es muy importante asegurarse de informar en el formulario de recogida de datos una direcci\u00f3n de correo electr\u00f3nico v\u00e1lida, as\u00ed como un n\u00famero de tel\u00e9fono de contacto para el caso que haya alguna incidencia y aquel no funcione.<\/p>\n\n\n\n<p><strong><em>5. M\u00e9todos de pago<\/em><\/strong><\/p>\n\n\n\n<p>5.1. Al gestionar el pedido, el Cliente puede elegir libremente abonar las compras que realice mediante tarjeta de cr\u00e9dito o d\u00e9bito (<em>MasterCard, Visa, Visa Electron, &#8230;). En determinados casos y para prevenir posibles fraudes, ANNA PAR\u00cdS se reserva la posibilidad de pedir a un Cliente una forma de pago concreta en el supuesto de que no se acredite fehacientemente la identidad de comprador.<\/em><\/p>\n\n\n\n<p>5.2. Para pagos con tarjeta, todos los pagos se realizan de manera segura a trav\u00e9s de la plataforma de banco. Para su seguridad <strong>ANNA PAR\u00cdS <\/strong>ha confiado en el sistema de pago mediante tarjeta de cr\u00e9dito a una pasarela de pagos. Los datos bancarios introducidos son encriptadas y transmitidas de forma segura a los servidores de la entidad bancaria y, posteriormente, son verificados con el banco emisor para evitar posibles fraudes y abusos.<\/p>\n\n\n\n<p>El sitio web utiliza t\u00e9cnicas de seguridad de la informaci\u00f3n generalmente aceptada en la industria, como por ejemplo cortafuegos, procedimientos de control de acceso y mecanismos criptogr\u00e1ficos, todo esto con el objeto de evitar el acceso no autorizado de datos. Para conseguir estos hasta, el usuario acepta que el prestamista obtenga datos por efecto de la correspondiente autenticaci\u00f3n de los controles de acceso.<\/p>\n\n\n\n<p>Este procedimiento de introducci\u00f3n de datos est\u00e1 garantizado por la tecnolog\u00eda de <strong>encriptaci\u00f3n SSL (<em>Secure <\/em>Socket <em>Layer) -128 bits<\/em><em>, uno de los sistemas de protecci\u00f3n m\u00e1s avanzados y eficaces actualmente disponibles, gracias al cual, ninguno tercero tendr\u00e1 acceso v\u00eda Internet a esta informaci\u00f3n relativa a los datos bancarios introducidos por el Cliente.<\/em><\/strong><\/p>\n\n\n\n<p>Solo el Banco tiene acceso a los datos bancarios vinculados a estos medios de pago, de forma que <strong>ANNA PAR\u00cdS<\/strong> no conoce ni registra estos datos durante la operaci\u00f3n de pago ni en cualquier otro momento.<\/p>\n\n\n\n<p><strong><em>6. Forma, gastos y plazo de env\u00edo<\/em><\/strong><\/p>\n\n\n\n<p>6.1. <strong>ANNA PAR\u00cdS<\/strong> da la opci\u00f3n, antes de contratar, de escoger la opci\u00f3n de entrega que se adapte mejor al Cliente y en funci\u00f3n del servicio en su c\u00f3digo postal. <strong>ANNA PAR\u00cdS<\/strong> librar\u00e1 el pedido en el plazo especificado durante el proceso de contrataci\u00f3n.<\/p>\n\n\n\n<p><strong>ANNA PAR\u00cdS<\/strong> solicitar\u00e1 al usuario que elija el lugar de la entrega, teniendo que especificar su domicilio, oficina o centro donde quiere que se le libre el producto, adem\u00e1s del tel\u00e9fono de contacto en el supuesto de que hubiera alguna incidencia con la entrega o el transportista. Por motivos de seguridad no se librar\u00e1n pedidos en edificios p\u00fablicos, hospitales o cualquier recinto en el que se tenga que librar el producto adquirido a una persona diferente del Cliente.<\/p>\n\n\n\n<p>6.2. Los gastos de entrega no est\u00e1n indicadas en el precio de los productos, son por anticipado del Cliente y se a\u00f1aden al total del importe del pedido. Los gastos de entrega ser\u00e1n informadas previa contrataci\u00f3n y variar\u00e1n seg\u00fan el c\u00f3digo postal informado.<\/p>\n\n\n\n<p>6.3. La zona de entrega cubierta por <strong>ANNA PAR\u00cdS <\/strong>es todo Espa\u00f1a y Andorra <strong>a excepci\u00f3n<\/strong> de las Islas Canarias, Islas Baleares, Ceuta y Melilla, y otros pa\u00edses de la UE.<\/p>\n\n\n\n<p>6.4. Cada entrega se considera efectuado a partir de la puesta a disposici\u00f3n del producto por parte del transportista al Cliente en el lugar se\u00f1alado por \u00e9l durante el proceso de compra.<\/p>\n\n\n\n<p><strong><em>7. Pol\u00edtica de devoluciones y derecho de dejaci\u00f3n<\/em><\/strong><\/p>\n\n\n\n<p>7.1. Derecho de dejaci\u00f3n<\/p>\n\n\n\n<p>El Cliente tiene derecho a ejercer la dejaci\u00f3n de su compra dentro de los 14 d\u00edas naturales posteriores a la entrega de los productos, salvo que apliquen excepciones de las que prev\u00e9 la normativa vigente de consumo.<\/p>\n\n\n\n<p>De acuerdo con aquella, el derecho de dejaci\u00f3n no se aplica para la contrataci\u00f3n de los productos que sean perecederos, como carne, huevos, frutas, hortalizas, etc. Para aquellos productos no perecederos, aplicar\u00e1 el plazo de dejaci\u00f3n de 14 d\u00edas naturales previsto para contrataciones a distancia.<\/p>\n\n\n\n<p>No es habitual la oferta de productos no perecederos en el Sitio web de <strong>ANNA PAR\u00cdS<\/strong>, pero a manera de ejemplo, entran dentro de esta categor\u00eda, entre otros: \u00d3leo de oliva, vinagre o miel.<\/p>\n\n\n\n<p>De acuerdo con la normativa de consumo, el derecho de dejaci\u00f3n no se aplicar\u00e1 a contratos que se refieran a, entre otros excepciones:<\/p>\n\n\n\n<ol class=\"wp-block-list\"><li>El suministro de bienes confeccionados conforme a las especificaciones del consumidor y usuario o claramente personalizados.<\/li><li>El suministro de bienes que puedan deteriorarse o caducar con rapidez.<\/li><li>El suministro de bienes precintados que no sean aptos para ser devueltos por razones de protecci\u00f3n de la salud o de higiene y que hayan estado <em>des precintados despu\u00e9s de la entrega.<\/em><\/li><li>El suministro de bienes que despu\u00e9s de su entrega y teniendo en cuenta su naturaleza se hayan mezclado de manera indisociable con otros bienes.<\/li><\/ol>\n\n\n\n<p>La dejaci\u00f3n implicar\u00e1 que usted, a partir de la efectiva posesi\u00f3n del producto, tiene 14 d\u00edas naturales para notificarnos su decisi\u00f3n de desistir del contrato a trav\u00e9s de una declaraci\u00f3n inequ\u00edvoca, como, por ejemplo, enviando una comunicaci\u00f3n v\u00eda corr\u00e9is electr\u00f3nico a xarcuteriaparis@gmail.com, o por correo postal, o bien rellenado el modelo de formulario de dejaci\u00f3n que figura como anexo a estas Condiciones.<\/p>\n\n\n\n<p>Una vez finalizada el plazo de 14 d\u00edas naturales, <strong>ANNA PAR\u00cdS<\/strong> no aceptar\u00e1 devoluciones por dejaci\u00f3n de compras de Producto.<\/p>\n\n\n\n<p>Para volver el producto, el Cliente podr\u00e1 hacerlo de dos maneras:<\/p>\n\n\n\n<p>Contactando con <strong>ANNA PAR\u00cdS<\/strong> directamente porque gestione la recogida y devoluci\u00f3n del producto, siempre con cargo al Cliente los gastos de devoluci\u00f3n. En este caso, se programar\u00e1 la recogida de los Productos y se informar\u00e1 el Cliente por e-mail de la fecha y horario en que se producir\u00e1 esta recogida.<\/p>\n\n\n\n<p>O bien el Cliente puede volver los productos a su cargo sin utilizar el sistema de ANNA PAR\u00cdS. Sin embargo, <strong>ANNA PAR\u00cdS<\/strong> aconseja empaquetar cuidadosamente el producto (no utilizar el embalaje original podr\u00eda depreciar el producto) y escoger un servicio de transporte con acuse de recibo. ANNA PAR\u00cdS rechazar\u00e1 cualquier producto devuelto con gastos a contra reembolso a cargo de la empresa y no se har\u00e1 cargo en caso de que el producto no llegue a sus dependencias.<\/p>\n\n\n\n<p>No se permite la devoluci\u00f3n de bienes precintados que no sean aptos para ser devueltos por razones de protecci\u00f3n de la salud y que hayan estado <em>desprecintats despu\u00e9s de la entrega.<\/em><\/p>\n\n\n\n<p>7.2. Reembolso<\/p>\n\n\n\n<p>En caso de dejaci\u00f3n, el Cliente tendr\u00e1 derecho al reembolso del precio de los productos devueltos, adem\u00e1s de los gastos de env\u00edo ordinarios, siempre que los productos devueltos est\u00e9n en iguales condiciones en qu\u00e9 fueron librados, no hayan sido usados (excepto el necesario para verificar su uso y adecuaci\u00f3n con el que se esperaba), da\u00f1ados, <em>desprecintats (en los casos previamente indicados).<\/em><\/p>\n\n\n\n<p>ANNA PAR\u00cdS volver\u00e1 al Cliente el coste del producto y los gastos de env\u00edo proporcionales una vez descontadas los gastos de devoluci\u00f3n siempre que use los Servicios de <strong>ANNA PAR\u00cdS<\/strong> y no lo env\u00ede por sus propios medios. Los gastos de env\u00edo no van a cargo de cliente.<\/p>\n\n\n\n<p><strong>ANNA PAR\u00cdS<\/strong> gestionar\u00e1 la devoluci\u00f3n del importe total mediante el mismo sistema de pago utilizado por el Cliente para la contrataci\u00f3n de los productos, en un plazo no superior al transcurso de 14 d\u00edas naturales desde que el Cliente comunic\u00f3 su dejaci\u00f3n.<\/p>\n\n\n\n<p><strong>ANNA PAR\u00cdS<\/strong> comprobar\u00e1 en sus dependencias la adecuaci\u00f3n del producto devuelto, reserv\u00e1ndose el derecho a no hacer el reembolso en caso de detectar que el producto adquirido y el devuelto no coinciden o que la devoluci\u00f3n no se ha realizado de acuerdo con las presentes Condiciones.<\/p>\n\n\n\n<p>En los casos en que el Cliente elija enviar los productos por su cuenta, <strong>ANNA PAR\u00cdS<\/strong> podr\u00e1 retener el reembolso hasta haber recibido los productos o hasta que el Cliente env\u00ede una prueba de env\u00edo \/ devoluci\u00f3n, seg\u00fan qu\u00e9 condici\u00f3n se cumpla primero.<\/p>\n\n\n\n<p>7.3. Devoluciones por carencia de conformidad<\/p>\n\n\n\n<p>En caso de que los productos est\u00e9n en mal sido o no se correspondan con los que efectivamente se han contratado, el Cliente tiene que comunicar a <strong>ANNA PAR\u00cdS<\/strong> de forma inmediata por medio de correo electr\u00f3nico o por tel\u00e9fono al 973.44.81.05 el deseo de ejercitar el derecho de resoluci\u00f3n del contrato o la sustituci\u00f3n del producto recibido. El pedido devuelto tendr\u00e1 que ser librada a ANNA PAR\u00cdS si es posible junto con el albar\u00e1n de entrega, su factura o el justificante.<\/p>\n\n\n\n<p>La devoluci\u00f3n a <strong>ANNA PAR\u00cdS<\/strong> de los Productos podr\u00e1 realizarse de la forma establecida en el apartado anterior de \u00abDerecho de dejaci\u00f3n\u00bb.<\/p>\n\n\n\n<p>Si no es posible la sustituci\u00f3n de los productos, <strong>ANNA PAR\u00cdS<\/strong>, devolver\u00e1 el importe total de la compra, que incluye tanto el precio de los productos como los gastos de env\u00edo y devoluci\u00f3n, si se tercia, a trav\u00e9s de un abono a la tarjeta de cr\u00e9dito utilizada o mediante una transferencia bancaria a la cuenta indicada por el cliente.<\/p>\n\n\n\n<p>Los productos son bienes de naturaleza no duradera. La garant\u00eda ofrecida por ANNA PAR\u00cdS se corresponde con la establecida en el Real decreto legislativo 1\/2007, de 16 de noviembre, por el cual se aprueba el texto refundido de la Ley General para la Defensa de los Consumidores y Usuarios.<\/p>\n\n\n\n<p>En el supuesto de que haya una carencia de conformidad el Cliente tiene que informar <strong>ANNA PAR\u00cdS<\/strong> en el plazo de 2 meses desde que tuvo conocimiento de la misma.<\/p>\n\n\n\n<p>Teniendo en cuenta que ANNA PAR\u00cdS comercializa productos de naturaleza no duradera, estas garant\u00edas se aplicar\u00e1n teniendo en cuenta la naturaleza de los bienes comercializados en el sitio web de acuerdo con el Art\u00edculo 116 del <em>TRLGDCU (Conformidad de los <\/em>porductos con el contrato).<\/p>\n\n\n\n<p>Excepto prueba en caso contrario, se entender\u00e1 que los productos son conformes con el contrato siempre que cumplan todos los requisitos que se expresan a continuaci\u00f3n:<\/p>\n\n\n\n<p>\u25cf Se ajusten a la descripci\u00f3n realizada por el vendedor y tengan las calidades del producto que el vendedor haya presentado al consumidor y usuario en forma de muestra o modelo.<\/p>\n\n\n\n<p>\u25cf Sean aptos para los usos a que ordinariamente se destinen los productos del mismo tipo.<\/p>\n\n\n\n<p>\u25cf Presenten la calidad y prestaciones habituales de un producto del mismo tipo que el consumidor y usuario pueda fundamentalmente esperar, teniendo en cuenta la naturaleza del producto.<\/p>\n\n\n\n<p><strong><em>8. Cancelaci\u00f3n del pedido<\/em><\/strong><\/p>\n\n\n\n<p>La cancelaci\u00f3n del pedido por parte del usuario quedar\u00e1 sujeta a la operativa habitual de ANNA PAR\u00cdS, siente necesario informar de la cancelaci\u00f3n entre dos y cuatro d\u00edas previos en el d\u00eda de entrega comprometida.<\/p>\n\n\n\n<p>Las cancelaciones efectuadas con posterioridad a este plazo no ser\u00e1n efectivas, y el Cliente tendr\u00e1 que aceptar el pedido.<\/p>\n\n\n\n<p><em><strong>9. Obligaciones del cliente<\/strong><\/em><\/p>\n\n\n\n<p>9.1. El Cliente se compromete en todo momento a facilitar informaci\u00f3n veraz sobre los datos solicitados en los formularios de registro de usuario o de realizaci\u00f3n del pedido, y a mantenerlos actualizados en todo momento.<\/p>\n\n\n\n<p>9.2. El Cliente se compromete a aceptar todas las disposiciones y condiciones recogidas en las presentes Condiciones Generales entendiendo que recogen la mejor voluntad de servicio posible para el tipo de actividad que desarrolla <strong>ANNA PAR\u00cdS<\/strong>.<\/p>\n\n\n\n<p>9.3. As\u00ed mismo, se compromete a guardar de forma confidencial y con la m\u00e1xima diligencia sus claves de acceso personal al Sitio web.<\/p>\n\n\n\n<p>9.4. El Cliente se compromete a posibilitar la entrega del pedido solicitado facilitando una direcci\u00f3n de entrega en la cual pueda ser librada el pedido dentro del horario escogido antes de la contrataci\u00f3n, de acuerdo con el que prev\u00e9 la cl\u00e1usula (7) de estas condiciones. En caso de incumplimiento por parte del Cliente de esta obligaci\u00f3n, <strong>ANNA PAR\u00cdS<\/strong> no tendr\u00e1 ninguna responsabilidad sobre el retraso o imposibilidad de entrega<\/p>\n","protected":false},"excerpt":{"rendered":"<p>1.- OBJETO El objeto de este informe es proporcionar la informaci\u00f3n alimentaria obligatoria y las condiciones generales que son aplicables al web &#8230; <a title=\"Condiciones de uso i derecho de desistimiento\" class=\"read-more\" href=\"https:\/\/xarcuteriaparis.com\/esp\/condiciones-de-uso-i-derecho-de-desistimiento\/\" aria-label=\"Leer m\u00e1s sobre Condiciones de uso i derecho de desistimiento\">Leer m\u00e1s<\/a><\/p>\n","protected":false},"author":3,"featured_media":0,"parent":0,"menu_order":0,"comment_status":"closed","ping_status":"closed","template":"","meta":{"inline_featured_image":false,"footnotes":""},"class_list":["post-4583","page","type-page","status-publish"],"_links":{"self":[{"href":"https:\/\/xarcuteriaparis.com\/esp\/wp-json\/wp\/v2\/pages\/4583","targetHints":{"allow":["GET"]}}],"collection":[{"href":"https:\/\/xarcuteriaparis.com\/esp\/wp-json\/wp\/v2\/pages"}],"about":[{"href":"https:\/\/xarcuteriaparis.com\/esp\/wp-json\/wp\/v2\/types\/page"}],"author":[{"embeddable":true,"href":"https:\/\/xarcuteriaparis.com\/esp\/wp-json\/wp\/v2\/users\/3"}],"replies":[{"embeddable":true,"href":"https:\/\/xarcuteriaparis.com\/esp\/wp-json\/wp\/v2\/comments?post=4583"}],"version-history":[{"count":0,"href":"https:\/\/xarcuteriaparis.com\/esp\/wp-json\/wp\/v2\/pages\/4583\/revisions"}],"wp:attachment":[{"href":"https:\/\/xarcuteriaparis.com\/esp\/wp-json\/wp\/v2\/media?parent=4583"}],"curies":[{"name":"wp","href":"https:\/\/api.w.org\/{rel}","templated":true}]}}